4
Let p(l) = -l - 1. Give p(-9).
8
Let o(k) = k**3 + 7*k**2 - 44*k + 2. Give o(-11).
2
Let h(p) = -p**2 + 18*p - 17. Give h(19).
-36
Let d(a) = -10*a + 19. Calculate d(6).
-41
Let c(g) = -g**2 - 10*g - 12. Give c(-8).
4
Let t(k) = 2*k**2 + 2*k. Calculate t(2).
12
Let d(p) = p**2 - 21*p - 133. Give d(26).
-3
Let a(d) = d**3 + 6*d**2 + 9*d + 14. What is a(-5)?
-6
Let d(j) = j**2 + 12*j - 16. Calculate d(-12).
-16
Let z(n) = 9*n - 7. Give z(-7).
-70
Let m(k) = k**3 + 10*k**2 - 6*k + 16. What is m(-11)?
-39
Let k(l) = -3*l**2 - 2. Calculate k(-1).
-5
Let z(h) = -h**2 - 11*h + 282. What is z(-23)?
6
Let h(c) = -3*c**2 + 7*c - 4. What is h(3)?
-10
Let o(j) = j**2 - j - 5. What is o(5)?
15
Let a(n) = n**3 + 9*n**2 + 9*n + 6. Determine a(-7).
41
Let h(y) = y + 1. Give h(5).
6
Let n(k) = k**3 + 6*k**2 - 5*k - 3. Determine n(2).
19
Let y(q) = q**3 + 7*q**2 - 39*q - 269. Give y(-6).
1
Let d(m) = m**3 + 5*m**2 + 4*m + 6. Give d(-4).
6
Let z(k) = k**2 + 5*k - 23. Determine z(-6).
-17
Let k(b) = 8*b - 9. Calculate k(9).
63
Let f(i) = -i**3 - 17*i**2. Calculate f(-17).
0
Let y(i) = -i - 5. Calculate y(-1).
-4
Let s(f) = f**3 - 56*f**2 - 56*f - 69. Determine s(57).
-12
Let p(c) = c**3 - 4*c**2 + 4*c - 1. Calculate p(4).
15
Let w(c) = -13*c - 382. Determine w(-30).
8
Let f(s) = -s**2 - 9*s + 14. Calculate f(-11).
-8
Let h(s) = -s**2 + 5*s + 47. What is h(9)?
11
Let p(s) = -s**2 - s - 76. Give p(0).
-76
Let q(j) = 22*j + 168. Give q(-8).
-8
Let s(j) = j**3 + 4*j**2 + 3*j. What is s(-3)?
0
Let a(j) = j**3 + 16*j**2 + j + 16. Calculate a(-16).
0
Let b(o) = o - 5. What is b(11)?
6
Let z(n) = n - 3. Give z(-2).
-5
Let w(c) = -c - 1. Determine w(-9).
8
Let i(x) = -x**3 - 16*x**2 - 21*x + 20. Determine i(-14).
-78
Let w(c) = 14*c + 303. Calculate w(-21).
9
Let u(i) = i**3 + i**2 - 5*i. Give u(2).
2
Let i(v) = -2*v**2 + 13*v. What is i(8)?
-24
Let r(m) = 8*m - 254. Give r(31).
-6
Let c(h) = 2*h**2 - 5*h - 11. Calculate c(7).
52
Let n(b) = -b**2 - b + 4. Calculate n(3).
-8
Let y(b) = 2*b**2 - 20*b + 41. What is y(6)?
-7
Let n(m) = 7*m + 26. What is n(-3)?
5
Let h(k) = -k**3 + 16*k**2 + 35*k + 23. Determine h(18).
5
Let l(u) = u**3 - 6*u**2 - 2*u + 8. Give l(6).
-4
Let s(r) = -r**3 - 4*r**2 + 3*r + 12. Determine s(-3).
-6
Let j(s) = 15*s - 1. Give j(-2).
-31
Let v(g) = -g**2 - 11*g - 17. Calculate v(-6).
13
Let p(x) = -26*x - 1767. Give p(-68).
1
Let l(n) = -15*n + 11. Calculate l(2).
-19
Let k(w) = -w**2 - 2*w - 4. Determine k(0).
-4
Let v(b) = -b**3 + 3*b**2 + 17*b + 1. What is v(6)?
-5
Let k(s) = -16*s - 331. Give k(-21).
5
Let l(z) = -3*z - 43. What is l(-19)?
14
Let h(x) = -x**2 + 2*x. What is h(2)?
0
Let b(l) = 7*l**3 - l**2 + l + 1. What is b(-1)?
-8
Let h(o) = -o**3 - 3*o**2 + 2*o + 1. Give h(-3).
-5
Let x(i) = 4*i**2 - 4*i + 5. What is x(1)?
5
Let t(l) = -6*l + 89. Give t(13).
11
Let c(p) = 5*p - 26. Calculate c(6).
4
Let v(w) = -2*w**3 - 22*w**2 - 4*w + 9. Calculate v(-11).
53
Let w(g) = 2*g - 29. Calculate w(23).
17
Let x(g) = g**2 - 8. What is x(-4)?
8
Let t(p) = -p**3 + p**2 - p. Give t(0).
0
Let x(i) = i**2 - 5*i - 81. Calculate x(-6).
-15
Let f(o) = -o**3 - 2*o**2 - 3*o. Calculate f(-2).
6
Let j(p) = p**2 + 5*p - 9. Give j(6).
57
Let r(o) = o**3 - 3*o**2 + 2*o - 6. Calculate r(3).
0
Let v(j) = j**3 + 33*j**2 + 61*j - 35. Determine v(-31).
-4
Let u(y) = 10*y - 17. Give u(8).
63
Let y(x) = -82*x + 240. What is y(3)?
-6
Let o(z) = 6*z + 44. Give o(-6).
8
Let r(m) = 10*m**2 - 3*m - 2. Give r(2).
32
Let h(f) = -5*f + 118. Give h(39).
-77
Let u(a) = -a**3 + 9*a**2 + 3*a - 21. Calculate u(7).
98
Let x(t) = -t**3 + 23*t**2 + 4. Calculate x(23).
4
Let c(x) = x + 3. Determine c(-11).
-8
Let g(w) = -w**2 - 18*w - 71. Determine g(-10).
9
Let u(w) = -w + 7. What is u(4)?
3
Let n(p) = -p**3 - 27*p**2 + 7*p + 183. Give n(-27).
-6
Let w(o) = -9*o + 32. Give w(15).
-103
Let h(l) = -l**3 - 2*l**2 + 2*l + 1. Give h(2).
-11
Let q(l) = l**3 + 13*l**2 - 5*l - 62. Give q(-13).
3
Let q(i) = i**2 - 15*i - 86. What is q(-4)?
-10
Let l(f) = f**3 + 8*f**2 - 20*f - 15. Give l(-10).
-15
Let q(z) = -3*z - 65. Determine q(-20).
-5
Let d(p) = 3*p**2 - 29*p + 5. Calculate d(7).
-51
Let w(s) = 18*s**2 - 1. Calculate w(1).
17
Let r(x) = 6*x - 95. What is r(15)?
-5
Let d(x) = x**3 - 10*x**2 + 3*x - 26. Give d(10).
4
Let a(r) = r**2 - 31*r + 224. What is a(20)?
4
Let m(v) = -22*v + 6. What is m(-5)?
116
Let k(m) = m**2 + 17*m - 43. Determine k(-19).
-5
Let l(u) = -15*u - 225. Give l(-15).
0
Let t(g) = -g**3 + 14*g**2 - 3*g + 39. Determine t(14).
-3
Let r(u) = -u**3 + 6*u**2 + 10*u + 2. What is r(8)?
-46
Let h(d) = -d**2 + 16*d - 48. What is h(9)?
15
Let f(w) = w**3 - 6*w**2 - 3*w - 4. Calculate f(6).
-22
Let y(m) = 2*m**2 + 8*m - 21. Give y(-9).
69
Let r(m) = m**3 - 20*m**2 + 5*m - 15. Give r(20).
85
Let n(c) = -6*c - 3. Give n(-2).
9
Let g(w) = w**2 + 19*w + 22. Determine g(-13).
-56
Let k(w) = -w - 1. What is k(8)?
-9
Let q(z) = -z**3 - 11*z**2 - 9*z - 5. Calculate q(-10).
-15
Let t(a) = -a**3 - 8*a**2 - 15*a - 18. Determine t(-6).
0
Let n(z) = z**3 + 8*z**2 + 4*z - 16. What is n(-7)?
5
Let k(o) = 4*o**2 - o. Give k(-1).
5
Let x(j) = 49*j - 1. Determine x(1).
48
Let s(w) = -w**2 + 8*w - 1. Determine s(7).
6
Let h(i) = -5*i - 17. What is h(-7)?
18
Let c(n) = -n**2 - 10*n - 17. Determine c(-7).
4
Let b(q) = -6*q + 66. Calculate b(7).
24
Let j(u) = -u**2 - 5*u + 7. Give j(-6).
1
Let a(r) = -r**2 - 4*r + 4. Determine a(3).
-17
Let h(l) = l**3 + 7*l**2 + 7*l + 5. What is h(-6)?
-1
Let i(s) = -s**3 + 27*s**2 + 90*s + 73. Calculate i(30).
73
Let l(n) = 4*n - 2. Give l(-3).
-14
Let x(v) = 3*v**3 - 2*v**2 + v + 2. Give x(2).
20
Let j(c) = 27*c + 206. What is j(-8)?
-10
Let p(m) = -m**3 + 3*m**2 + 11*m + 5. What is p(-2)?
3
Let p(t) = -t**3 + 20*t**2 + 21*t - 13. What is p(21)?
-13
Let n(t) = -16*t**3 + 4*t**2 + 13*t + 8. Give n(-1).
15
Let v(f) = 7*f**2 + 63*f - 12. Determine v(-9).
-12
Let t(j) = 2*j**3 - j**2 - 4*j + 1. Calculate t(3).
34
Let c(m) = 19*m - 48. Determine c(3).
9
Let y(s) = s**2 + 161*s - 495. Give y(3).
-3
Let b(o) = o**3 + 8*o**2 + 10. Calculate b(-7).
59
Let h(u) = u**3 + 6*u**2 + u. Determine h(-6).
-6
Let l(j) = 4*j - 105. Calculate l(26).
-1
Let z(f) = -2*f + 3. Give z(4).
-5
Let s(y) = -y**3 + 11*y**2 - 12*y + 10. Calculate s(10).
-10
Let r(m) = m**2 + 12*m + 30. Determine r(-9).
3
Let k(l) = -2*l**3 + 3*l**2 - 5*l + 1. What is k(1)?
-3
Let d(a) = -a + 6. Calculate d(3).
3
Let w(s) = s**3 - 2*s**2 + 2*s - 1. What is w(4)?
39
Let l(b) = b - 34. Calculate l(0).
-34
Let h(q) = 2*q**2 + 20*q + 39. Give h(-7).
-3
Let g(a) = a**2 - 9*a + 5. Determine g(10).
15
Let c(p) = 2*p**2 + 7*p + 8. Calculate c(-3).
5
Let t(f) = f**3 + 14*f**2 + 33*f - 15. What is t(-11)?
-15
Let h(n) = -3*n - 14. Calculate h(-8).
10
Let v(z) = 2*z**3 + 10*z**2 + 10*z + 8. What is v(-4)?
0
Let u(x) = 6*x**3 + 2*x**2 - x + 1. Determine u(-2).
-37
Let k(g) = -2*g**2 - 47*g - 33. Give k(-22).
33
Let i(l) = -2*l + 3. Calculate i(5).
-7
Let d(v) = -v**2 - 13*v + 43. What is d(-15)?
13
Let y(m) = m**3 + 25*m**2 + 27*m + 36. Give y(-24).
-36
Let b(p) = 8*p**2 - 10*p + 7. Determine b(2).
19
Let f(o) = -o**2 + 34*o - 7. What is f(34)?
-7
Let m(a) = -9*a + 85. Determine m(11).
-14
Let w(a) = -a**3 + 10*a**2 + 24*a - 8. What is w(12)?
-8
Let m(h) = h + 8. Determine m(14).
22
Let o(u) = 2*u + 12. Give o(-8).
-4
Let g(h) = 2*h**2 + h - 10. What is g(3)?
11
Let w(u) = 9*u**3 - 3*u**2 + 36*u - 34. Calculate w(1).
8
Let j(d) = d**3 - 10*d**2 - 11*d - 4. What is j(11)?
-4
Let a(h) = 5*h**2 + 4*h. Give a(-3).
33
Let m(j) = -j**3 + 5*j**2 + 3*j + 10. Give m(6).
-8
Let q(h) = h**3 - 7*h**2 + 6*h + 6. Determine q(5).
-14
Let k(w) = 2*w**2 + 13*w + 10. What is k(-6)?
4
Let q(y) = y**3 + 10*y**2 + 6*y - 8. Give q(-9).
19
Let k(q) = -103*q + 307. What is k(3)?
-2
Let l(g) = 5*g**2 + g + 1. What is l(-3)?
43
Let w(t) = -5*t - 38. What is w(7)?
-73
Let c(f) = 3*f + 8. Calculate c(-2).
2
Let n(z) = -z**2 + 68*z - 373. What is n(6)?
-1
Let k(i) = i**3 - 34*i**2 - 38*i + 100. Calculate k(35).
-5
Let b(j) = j**3 + 6*j**2 + 4*j + 2. Determine b(-6).
-22
Let p(k) = -2*k**2 + 9*k + 7. Calculate p(5).
2
Let b(a) = -a**2 - a + 5. Calculate b(-4).
-7
Let o(n) = n + 10. Give o(-5).
5
Let a(i) = -61*i**2 + 5*i - 6. Determine a(1).
-62
Let z(